5*y, -1370*y = -1369*y + r - 25216. List the prime factors of y.
2, 5, 13, 97
List the prime factors of (-2)/(13/((-78)/(-66))) + (-306924)/(-11).
2, 7, 1993
Suppose -21*m - 31580 = -10*m - 200375. What are the prime factors of m?
3, 5, 11, 31
List the prime factors of (11 - 15)/(-20) - 48/20*-717.
1721
Suppose 42*i - 144*i = -75*i - 666657. What are the prime factors of i?
24691
Let r(v) = -5*v**2 - 11*v - 10. Let t be (-9)/1*14/(-105)*5. Let n(w) = w**2 - w. Let h(y) = t*n(y) + r(y). What are the prime factors of h(23)?
2
Let k = -39262 - -87848. List the prime factors of k.
2, 17, 1429
Suppose 5*g - 14 = -4*h, h = -2*h - g + 16. Suppose -h*c + 576 + 3804 = 0. List the prime factors of c.
2, 5, 73
Let l(s) = -4*s - 25. Let n be l(-7). Suppose b = r + n - 0, -5*r - 3 = -b. Suppose -c = -4*g - 18 - 12, r = -3*c + 3*g + 81. List the prime factors of c.
2, 13
List the prime factors of (5/3)/((-512)/(-3393024)).
5, 47
Let p(j) = 280*j**2 + 25*j + 39. What are the prime factors of p(7)?
2, 6967
Suppose 0 = 72831*y - 72844*y + 605514. What are the prime factors of y?
2, 3, 7, 1109
Suppose p - 3*p = -5*t - 17243, p = 3*t + 8623. List the prime factors of p.
2, 59, 73
Suppose -n = -5*s - 88, -3*n - s + 58 = -2*n. Let u(v) = -v**3 - 18*v**2 - 58*v + 59. Let p be u(-14). Let a = p - n. List the prime factors of a.
2, 3
Suppose 2790634 = 61*v - 144930. What are the prime factors of v?
2, 53, 227
Suppose 99*y - 176039 - 116029 = 61*y. What are the prime factors of y?
2, 3, 7, 61
Let f(i) = i**3 - 11*i**2 + 16*i + 19. Let k be f(9). List the prime factors of ((-8)/(-8))/(k/198).
2, 3, 11
Let w(i) = 5937*i**2 - 7*i + 1. What are the prime factors of w(-1)?
5, 29, 41
Let n(m) = 2*m + 72. Let o be n(-33). List the prime factors of (16 + -22)*(-23)/o - 1.
2, 11
Let j be (2/(-3))/(19265/3855 + -5). Let y = j + -128. List the prime factors of y.
3, 43
Let i(t) = 9 - 10*t + 52*t**2 + 7*t - 50*t**2. Let h = -7 - -2. What are the prime factors of i(h)?
2, 37
Suppose -7533 = -d - 10*i, 80*i + 8 = 78*i. What are the prime factors of d?
7573
Let h(a) = a**2 + 10*a + 6. Let b(f) = -29*f + 17. Let t be b(1). List the prime factors of h(t).
2, 3, 5
Suppose -12 = -4*q, 0 = -0*p + p - 4*q + 9. Let d(a) = 157*a - 35. List the prime factors of d(p).
2, 109
Let h = 18920 + -12157. List the prime factors of h.
6763
Let q = 50775 + -27251. List the prime factors of q.
2, 5881
Suppose i = 3, 10*i - 6*i = -4*c. What are the prime factors of 11 + -14 + (-5 - c - -637)?
2, 79
Let j = 323 - 309. Suppose 1552 = j*v - 632. List the prime factors of v.
2, 3, 13
Suppose 21 = -5*q + 3*q + 5*y, 4*q + 2*y = 18. Suppose -4*l - v + 29 = 0, -q*l - 3*v + 20 = 3. Suppose 4*b = l*b - 360. List the prime factors of b.
2, 3, 5
Let c(d) = -d**2 + 9*d + 77. Let q be c(-5). Suppose 194 = -q*l + 1993. What are the prime factors of l?
257
Suppose 4*u + 1 = -3*z + 38, -14 = -3*u - 5*z. List the prime factors of 1796 + (6 - (u - -2)).
1787
Let g(o) be the first derivative of 11*o - 5/2*o**2 + 18. List the prime factors of g(-12).
71
Suppose 52*v = 77*v + 4000. Let p = v + 414. List the prime factors of p.
2, 127
Let x(h) = -4*h - 5. Let q be x(-5). Suppose -a - q + 128 = 0. Suppose 19 = k + j, j + a = 5*k - 0*j. List the prime factors of k.
2, 11
Let d = -33 + 35. Suppose 3*l - 8*l + 28 = 4*s, 16 = -d*s + 5*l. Suppose -s*q + 182 + 36 = 0. List the prime factors of q.
109
Let v = -227 - -127. Let c = 156 + 19. What are the prime factors of (-1254)/(-14) + v/c?
89
Suppose -2012003 = 57*y - 148*y - 709520. What are the prime factors of y?
3, 13, 367
Let w be (0 - 1) + 8/((-16)/(-14)). Suppose w*a = 3342 - 444. List the prime factors of a.
3, 7, 23
Let h(o) = -o**2 - 14*o + 15. Let i = 34 + -49. Let y be h(i). Suppose -5*b = 10, y = 3*u + u + 5*b - 294. What are the prime factors of u?
2, 19
Suppose 0 = -9*q - 10611 - 10611. What are the prime factors of q/(-30) - 3/5?
2, 3, 13
Suppose 4*f - 8 = 0, 5*f + 968 = 3*d + 3*f. Let j = d + -156. What are the prime factors of j?
2, 3, 7
Suppose -10*x - 14*x + 860895 = -456465. List the prime factors of x.
2, 5, 11, 499
Let i(o) = -268*o**3 + 12*o**2 + 3*o - 3. List the prime factors of i(-2).
37, 59
What are the prime factors of (-390)/(-66) + -6 - (-5500736)/352?
3, 5209
Suppose 0 = 4*s + 2*h - 275242, -2*h = -234*s + 232*s + 137612. List the prime factors of s.
13, 67, 79
Let i(z) = -441*z**2 - 3. Let y(h) = 884*h**2 - h + 6. Let u(w) = -7*i(w) - 3*y(w). List the prime factors of u(-1).
3, 5, 29
Let y = 18376 + -14451. What are the prime factors of y?
5, 157
Let u be (-938)/(10 + 4)*(-1)/(-1). Let p = u + 340. List the prime factors of p.
3, 7, 13
Suppose 5*r + 89 = -z + 2*r, 5*z = 3*r - 355. List the prime factors of (2*z/(-16))/((-14)/(-336)).
2, 3, 37
Let q = -16587 + 35444. What are the prime factors of q?
109, 173
Suppose 183*j - 165*j = 126. Suppose 2*u = u - 19. Let k = j - u. List the prime factors of k.
2, 13
Suppose 0 = 4*j + h - 11676, -3*h + 15876 - 4208 = 4*j. What are the prime factors of j?
2, 5, 73
List the prime factors of ((-10472)/(-49) - -4)/((-7)/(-98)).
2, 3, 127
Let q = 2606 + -1188. Suppose q = 5*o + 248. List the prime factors of o.
2, 3, 13
Suppose 136 = 32*m + 8. Suppose -8 = -4*o + 8. List the prime factors of (m - (-1)/o)*4.
17
Suppose x - 53 = 4*m + 13, -2*x - 4*m = -96. Let i be 7 + (2/6)/((-6)/x). Suppose -4*c + 4*q = -500, i*c + 4*q = -0*q + 492. What are the prime factors of c?
2, 31
What are the prime factors of ((-90200)/(-66))/((-2)/(-21))?
2, 5, 7, 41
Let m be (-88)/(192/33 - 6). List the prime factors of m/(((-27)/(-6))/(-9) + 1).
2, 11
Let x(n) = n**3 + 2*n**2 - 4*n - 3. Let b be x(-2). Suppose 0 = -5*j + 1 - 21, -4*w + b*j - 52 = 0. What are the prime factors of w/(-28)*4*7?
2, 3
Let f(z) = -89*z**2 - 47 + 88*z**2 - 17 + 49*z. What are the prime factors of f(30)?
2, 11, 23
Let n be 6 + -1 - (-1 + 4). Suppose -n*p + 69 = 23. Suppose -24*b = -23*b - p. What are the prime factors of b?
23
Let b = -2644 - -2463. Let k be 877/(-7) + (-2)/(-7). Let w = k - b. What are the prime factors of w?
2, 7
What are the prime factors of (11 - 84270/4)/(3/(-6))?
23, 1831
Let g(l) = -63*l - 117. Let q be g(15). Let b = q - -1681. List the prime factors of b.
619
Let r = 1326 - 249. What are the prime factors of r?
3, 359
Suppose 68*r - r + 27664 = 247625. List the prime factors of r.
7, 67
Let r = -299 + 303. List the prime factors of (r/4)/((-4895)/(-815) + -6).
163
Let o(c) = -2*c**3 + 4*c**2 + 2. Let d be o(2). Suppose -g - t = -389, 0 = -d*g + 5*t + 848 - 56. List the prime factors of g.
17, 23
Let w(n) = 81*n**2 + 62*n + 328. List the prime factors of w(-10).
2, 61
Let m = 42 + -36. Suppose -m*l = -10*l. Suppose l = 4*x + 5*i - 311 - 183, -4*x - 4*i = -492. What are the prime factors of x?
11
Let l be 8 + (9 - 23) - -51. Let o = 433 - l. List the prime factors of o.
2, 97
Let c = 14017 - 9533. What are the prime factors of c?
2, 19, 59
Let h(u) = u**3 + 6*u**2 + u - 1. Let g be h(-5). Let z = -628 + 629. What are the prime factors of (g + (4 - 4))/z?
19
Let y(z) = 30*z - 69. Let s be y(4). Suppose 502 + s = 2*u - 5*d, u - 275 = d. List the prime factors of u.
2, 137
Let p(r) be the third derivative of -23*r**4/24 - 7*r**3 - r**2 - 6*r. List the prime factors of p(-7).
7, 17
Let b = 91 + -88. Suppose 4*o - 162 = -b*s + 132, 0 = -5*o + 15. What are the prime factors of s?
2, 47
Let q = 92 + -76. Suppose q = -4*i - 5*v, 2*i - 2 = -4*v - 4. Let m(d) = 4*d**2 + 24*d + 18. What are the prime factors of m(i)?
2, 3, 7
Let r(b) = 2*b**3 - 38*b**2 - b + 19. Let y be r(19). Let q be 36/10*(-1 - y - 29). List the prime factors of (873/q - (-1)/(-4))*-3.
5
Let y(x) = -31*x**2 - 4*x - 19. Let b be y(-3). Let q = -51 - b. List the prime factors of q.
5, 47
Let j = -28763 - -87736. List the prime factors of j.
17, 3469
Suppose 45*s = -247*s + 7777712. List the prime factors of s.
2, 6659
Let b be 4*4/(-56)*(0 - 7). Suppose 3*l = -b*l - i + 2730, -3*i = l - 560. List the prime factors of l.
5, 109
Let u = -261 - 78. List the prime factors of ((1 + 1)*u)/((-6)/4).
2, 113
Let r(u) = 16*u - 86. Let p be r(6). Suppose -p*x - 5520 = -26*x. List the prime factors of x.
3, 5, 23
List the prime factors of (-41)/82*(2 + -12166).
2, 3041
Suppose 23 = 7*x - 5